{"id":7,"date":"2023-07-04T17:31:12","date_gmt":"2023-07-04T15:31:12","guid":{"rendered":"http:\/\/voyagera.fr\/?page_id=7"},"modified":"2023-08-07T11:03:59","modified_gmt":"2023-08-07T09:03:59","slug":"accueil","status":"publish","type":"page","link":"https:\/\/voyagera.fr\/","title":{"rendered":""},"content":{"rendered":"\n<figure class=\"wp-block-image alignwide size-large\"><a href=\"http:\/\/voyagera.fr\/index.php\/mes-services\/\"><img loading=\"lazy\" decoding=\"async\" width=\"1024\" height=\"290\" src=\"http:\/\/voyagera.fr\/wp-content\/uploads\/2023\/07\/Formules-pastilles-1024x290.png\" alt=\"\" class=\"wp-image-179\" srcset=\"https:\/\/voyagera.fr\/wp-content\/uploads\/2023\/07\/Formules-pastilles-1024x290.png 1024w, https:\/\/voyagera.fr\/wp-content\/uploads\/2023\/07\/Formules-pastilles-300x85.png 300w, https:\/\/voyagera.fr\/wp-content\/uploads\/2023\/07\/Formules-pastilles-768x217.png 768w, https:\/\/voyagera.fr\/wp-content\/uploads\/2023\/07\/Formules-pastilles-1536x434.png 1536w, https:\/\/voyagera.fr\/wp-content\/uploads\/2023\/07\/Formules-pastilles.png 1920w\" sizes=\"auto, (max-width: 1024px) 100vw, 1024px\" \/><\/a><\/figure>\n\n\n\n<h2 class=\"wp-block-heading\"><\/h2>\n\n\n\n<div class=\"wp-block-cover alignfull is-light\" style=\"min-height:295px;aspect-ratio:unset;\"><span aria-hidden=\"true\" class=\"wp-block-cover__background has-background-dim-100 has-background-dim\" style=\"background-color:#0bb4aa\"><\/span><div class=\"wp-block-cover__inner-container is-layout-flow wp-block-cover-is-layout-flow\">\n<figure class=\"wp-block-image alignwide size-large\"><img loading=\"lazy\" decoding=\"async\" width=\"1024\" height=\"576\" src=\"http:\/\/voyagera.fr\/wp-content\/uploads\/2023\/07\/Formule-1-7-3-1024x576.png\" alt=\"\" class=\"wp-image-168\" srcset=\"https:\/\/voyagera.fr\/wp-content\/uploads\/2023\/07\/Formule-1-7-3-1024x576.png 1024w, https:\/\/voyagera.fr\/wp-content\/uploads\/2023\/07\/Formule-1-7-3-300x169.png 300w, https:\/\/voyagera.fr\/wp-content\/uploads\/2023\/07\/Formule-1-7-3-768x432.png 768w, https:\/\/voyagera.fr\/wp-content\/uploads\/2023\/07\/Formule-1-7-3-1536x864.png 1536w, https:\/\/voyagera.fr\/wp-content\/uploads\/2023\/07\/Formule-1-7-3.png 1920w\" sizes=\"auto, (max-width: 1024px) 100vw, 1024px\" \/><\/figure>\n<\/div><\/div>\n\n\n\n<div class=\"wp-block-group alignfull has-background is-layout-flow wp-block-group-is-layout-flow\" style=\"background-color:#e5e9ec\">\n<div class=\"wp-block-columns is-layout-flex wp-container-core-columns-is-layout-28f84493 wp-block-columns-is-layout-flex\">\n<div class=\"wp-block-column is-vertically-aligned-center is-layout-flow wp-block-column-is-layout-flow\">\n<h2 class=\"wp-block-heading\">Discutons de votre projet !<\/h2>\n\n\n\n<p>Un projet de voyage en t\u00eate ? N&rsquo;h\u00e9sitez pas \u00e0 prendre rendez-vous avec moi pour qu&rsquo;on en discute.  Cette discussion me permettra de faire un point sur vos envies, votre vision du voyage et votre budget pour que j&rsquo;\u00e9value la faisabilit\u00e9 de votre projet. <br>L&rsquo;appel est gratuit et sans engagement.<br>Pas disponible aux heures d&rsquo;ouverture? Prenez contact par mail.<\/p>\n\n\n\n<div class=\"wp-block-buttons is-horizontal is-content-justification-left is-layout-flex wp-container-core-buttons-is-layout-20be11b6 wp-block-buttons-is-layout-flex\">\n<div class=\"wp-block-button is-style-outline is-style-outline--1\"><a class=\"wp-block-button__link wp-element-button\" href=\"https:\/\/calendly.com\/voyagera\/30min\">Prendre rendez-vous<\/a><\/div>\n<\/div>\n\n\n\n<p><\/p>\n<\/div>\n\n\n\n<div class=\"wp-block-column is-layout-flow wp-block-column-is-layout-flow\">\n<div style=\"height:48px\" aria-hidden=\"true\" class=\"wp-block-spacer\"><\/div>\n\n\n\n<figure class=\"wp-block-image size-large\"><img loading=\"lazy\" decoding=\"async\" width=\"1024\" height=\"683\" src=\"http:\/\/voyagera.fr\/wp-content\/uploads\/2023\/07\/pexels-vojta-kovarik-3243090-1024x683.jpg\" alt=\"\" class=\"wp-image-184\" srcset=\"https:\/\/voyagera.fr\/wp-content\/uploads\/2023\/07\/pexels-vojta-kovarik-3243090-1024x683.jpg 1024w, https:\/\/voyagera.fr\/wp-content\/uploads\/2023\/07\/pexels-vojta-kovarik-3243090-300x200.jpg 300w, https:\/\/voyagera.fr\/wp-content\/uploads\/2023\/07\/pexels-vojta-kovarik-3243090-768x512.jpg 768w, https:\/\/voyagera.fr\/wp-content\/uploads\/2023\/07\/pexels-vojta-kovarik-3243090-1536x1024.jpg 1536w, https:\/\/voyagera.fr\/wp-content\/uploads\/2023\/07\/pexels-vojta-kovarik-3243090-2048x1365.jpg 2048w, https:\/\/voyagera.fr\/wp-content\/uploads\/2023\/07\/pexels-vojta-kovarik-3243090-2000x1333.jpg 2000w\" sizes=\"auto, (max-width: 1024px) 100vw, 1024px\" \/><\/figure>\n<\/div>\n<\/div>\n<\/div>\n\n\n\n<div class=\"wp-block-group alignfull is-layout-flow wp-block-group-is-layout-flow\">\n<div class=\"wp-block-columns are-vertically-aligned-center is-layout-flex wp-container-core-columns-is-layout-28f84493 wp-block-columns-is-layout-flex\">\n<div class=\"wp-block-column is-vertically-aligned-center is-layout-flow wp-block-column-is-layout-flow\">\n<div style=\"height:48px\" aria-hidden=\"true\" class=\"wp-block-spacer\"><\/div>\n\n\n\n<figure class=\"wp-block-image size-large\"><img loading=\"lazy\" decoding=\"async\" width=\"1024\" height=\"794\" src=\"http:\/\/voyagera.fr\/wp-content\/uploads\/2023\/07\/travelplanner-1024x794.jpg\" alt=\"\" class=\"wp-image-197\" srcset=\"https:\/\/voyagera.fr\/wp-content\/uploads\/2023\/07\/travelplanner-1024x794.jpg 1024w, https:\/\/voyagera.fr\/wp-content\/uploads\/2023\/07\/travelplanner-300x233.jpg 300w, https:\/\/voyagera.fr\/wp-content\/uploads\/2023\/07\/travelplanner-768x596.jpg 768w, https:\/\/voyagera.fr\/wp-content\/uploads\/2023\/07\/travelplanner-1536x1191.jpg 1536w, https:\/\/voyagera.fr\/wp-content\/uploads\/2023\/07\/travelplanner-2048x1588.jpg 2048w, https:\/\/voyagera.fr\/wp-content\/uploads\/2023\/07\/travelplanner-2000x1551.jpg 2000w\" sizes=\"auto, (max-width: 1024px) 100vw, 1024px\" \/><\/figure>\n<\/div>\n\n\n\n<div class=\"wp-block-column is-vertically-aligned-center is-layout-flow wp-block-column-is-layout-flow\">\n<h2 class=\"wp-block-heading\">Mes services<\/h2>\n\n\n\n<p>Que vous soyez plut\u00f4t farniente ou explorateur, je recherche et cr\u00e9e des voyages sur mesure en fonction de vos besoins.<\/p>\n\n\n\n<div class=\"wp-block-buttons is-layout-flex wp-block-buttons-is-layout-flex\">\n<div class=\"wp-block-button is-style-outline is-style-outline--2\"><a class=\"wp-block-button__link wp-element-button\" href=\"http:\/\/voyagera.fr\/index.php\/mes-services\/\">mes Services<\/a><\/div>\n<\/div>\n<\/div>\n<\/div>\n<\/div>\n\n\n\n<div class=\"wp-block-group alignfull has-black-background-color has-background is-layout-flow wp-block-group-is-layout-flow\">\n<h2 class=\"wp-block-heading has-text-align-center has-white-color has-text-color\">VOYAGES<\/h2>\n\n\n\n<figure class=\"wp-block-gallery aligncenter has-nested-images columns-default is-cropped wp-block-gallery-3 is-layout-flex wp-block-gallery-is-layout-flex\">\n<figure class=\"wp-block-image size-large\"><img loading=\"lazy\" decoding=\"async\" width=\"1024\" height=\"870\" data-id=\"187\" src=\"http:\/\/voyagera.fr\/wp-content\/uploads\/2023\/07\/costarica-1024x870.jpg\" alt=\"\" class=\"wp-image-187\" srcset=\"https:\/\/voyagera.fr\/wp-content\/uploads\/2023\/07\/costarica-1024x870.jpg 1024w, https:\/\/voyagera.fr\/wp-content\/uploads\/2023\/07\/costarica-300x255.jpg 300w, https:\/\/voyagera.fr\/wp-content\/uploads\/2023\/07\/costarica-768x653.jpg 768w, https:\/\/voyagera.fr\/wp-content\/uploads\/2023\/07\/costarica-1536x1306.jpg 1536w, https:\/\/voyagera.fr\/wp-content\/uploads\/2023\/07\/costarica-2048x1741.jpg 2048w, https:\/\/voyagera.fr\/wp-content\/uploads\/2023\/07\/costarica-2000x1700.jpg 2000w\" sizes=\"auto, (max-width: 1024px) 100vw, 1024px\" \/><\/figure>\n\n\n\n<figure class=\"wp-block-image size-large\"><img loading=\"lazy\" decoding=\"async\" width=\"1024\" height=\"1002\" data-id=\"188\" src=\"http:\/\/voyagera.fr\/wp-content\/uploads\/2023\/07\/cascade-1024x1002.jpg\" alt=\"\" class=\"wp-image-188\" srcset=\"https:\/\/voyagera.fr\/wp-content\/uploads\/2023\/07\/cascade-1024x1002.jpg 1024w, https:\/\/voyagera.fr\/wp-content\/uploads\/2023\/07\/cascade-300x294.jpg 300w, https:\/\/voyagera.fr\/wp-content\/uploads\/2023\/07\/cascade-768x752.jpg 768w, https:\/\/voyagera.fr\/wp-content\/uploads\/2023\/07\/cascade-1536x1504.jpg 1536w, https:\/\/voyagera.fr\/wp-content\/uploads\/2023\/07\/cascade-2048x2005.jpg 2048w, https:\/\/voyagera.fr\/wp-content\/uploads\/2023\/07\/cascade-2000x1958.jpg 2000w\" sizes=\"auto, (max-width: 1024px) 100vw, 1024px\" \/><\/figure>\n\n\n\n<figure class=\"wp-block-image size-large\"><img loading=\"lazy\" decoding=\"async\" width=\"1024\" height=\"998\" data-id=\"189\" src=\"http:\/\/voyagera.fr\/wp-content\/uploads\/2023\/07\/italy-1024x998.jpg\" alt=\"\" class=\"wp-image-189\" srcset=\"https:\/\/voyagera.fr\/wp-content\/uploads\/2023\/07\/italy-1024x998.jpg 1024w, https:\/\/voyagera.fr\/wp-content\/uploads\/2023\/07\/italy-300x292.jpg 300w, https:\/\/voyagera.fr\/wp-content\/uploads\/2023\/07\/italy-768x749.jpg 768w, https:\/\/voyagera.fr\/wp-content\/uploads\/2023\/07\/italy-1536x1497.jpg 1536w, https:\/\/voyagera.fr\/wp-content\/uploads\/2023\/07\/italy-2048x1996.jpg 2048w, https:\/\/voyagera.fr\/wp-content\/uploads\/2023\/07\/italy-2000x1950.jpg 2000w\" sizes=\"auto, (max-width: 1024px) 100vw, 1024px\" \/><\/figure>\n\n\n\n<figure class=\"wp-block-image size-large\"><img loading=\"lazy\" decoding=\"async\" width=\"1024\" height=\"913\" data-id=\"190\" src=\"http:\/\/voyagera.fr\/wp-content\/uploads\/2023\/07\/cascadebali-1024x913.jpg\" alt=\"\" class=\"wp-image-190\" srcset=\"https:\/\/voyagera.fr\/wp-content\/uploads\/2023\/07\/cascadebali-1024x913.jpg 1024w, https:\/\/voyagera.fr\/wp-content\/uploads\/2023\/07\/cascadebali-300x267.jpg 300w, https:\/\/voyagera.fr\/wp-content\/uploads\/2023\/07\/cascadebali-768x685.jpg 768w, https:\/\/voyagera.fr\/wp-content\/uploads\/2023\/07\/cascadebali-1536x1369.jpg 1536w, https:\/\/voyagera.fr\/wp-content\/uploads\/2023\/07\/cascadebali-2048x1826.jpg 2048w, https:\/\/voyagera.fr\/wp-content\/uploads\/2023\/07\/cascadebali-2000x1783.jpg 2000w\" sizes=\"auto, (max-width: 1024px) 100vw, 1024px\" \/><\/figure>\n\n\n\n<figure class=\"wp-block-image size-large\"><img loading=\"lazy\" decoding=\"async\" width=\"1000\" height=\"1024\" data-id=\"191\" src=\"http:\/\/voyagera.fr\/wp-content\/uploads\/2023\/07\/volcan-1000x1024.jpg\" alt=\"\" class=\"wp-image-191\" srcset=\"https:\/\/voyagera.fr\/wp-content\/uploads\/2023\/07\/volcan-1000x1024.jpg 1000w, https:\/\/voyagera.fr\/wp-content\/uploads\/2023\/07\/volcan-293x300.jpg 293w, https:\/\/voyagera.fr\/wp-content\/uploads\/2023\/07\/volcan-768x787.jpg 768w, https:\/\/voyagera.fr\/wp-content\/uploads\/2023\/07\/volcan-1500x1536.jpg 1500w, https:\/\/voyagera.fr\/wp-content\/uploads\/2023\/07\/volcan-2000x2049.jpg 2000w\" sizes=\"auto, (max-width: 1000px) 100vw, 1000px\" \/><\/figure>\n\n\n\n<figure class=\"wp-block-image size-large\"><img loading=\"lazy\" decoding=\"async\" width=\"1024\" height=\"971\" data-id=\"192\" src=\"http:\/\/voyagera.fr\/wp-content\/uploads\/2023\/07\/islande-1024x971.jpg\" alt=\"\" class=\"wp-image-192\" srcset=\"https:\/\/voyagera.fr\/wp-content\/uploads\/2023\/07\/islande-1024x971.jpg 1024w, https:\/\/voyagera.fr\/wp-content\/uploads\/2023\/07\/islande-300x284.jpg 300w, https:\/\/voyagera.fr\/wp-content\/uploads\/2023\/07\/islande-768x728.jpg 768w, https:\/\/voyagera.fr\/wp-content\/uploads\/2023\/07\/islande.jpg 1460w\" sizes=\"auto, (max-width: 1024px) 100vw, 1024px\" \/><\/figure>\n<\/figure>\n<\/div>\n\n\n\n<div class=\"wp-block-cover alignfull has-parallax is-position-center-center\" style=\"min-height:375px;aspect-ratio:unset;\"><span aria-hidden=\"true\" class=\"wp-block-cover__background has-black-background-color has-background-dim-40 has-background-dim\"><\/span><div role=\"img\" class=\"wp-block-cover__image-background wp-image-193 has-parallax\" style=\"background-position:50% 50%;background-image:url(http:\/\/voyagera.fr\/wp-content\/uploads\/2023\/07\/pexels-oliver-sjostrom-1078983-scaled.jpg)\"><\/div><div class=\"wp-block-cover__inner-container is-layout-flow wp-block-cover-is-layout-flow\">\n<p class=\"has-text-align-center has-text-color has-huge-font-size\" style=\"color:#fffffa;line-height:1.1\"><strong>Un voyage qui vous ressemble <\/strong><br><strong>avec Voyagera<\/strong><\/p>\n\n\n\n<p class=\"has-text-align-center\"><\/p>\n\n\n\n<div style=\"height:39px\" aria-hidden=\"true\" class=\"wp-block-spacer\"><\/div>\n\n\n\n<div class=\"wp-block-buttons is-horizontal is-content-justification-center is-layout-flex wp-container-core-buttons-is-layout-03627597 wp-block-buttons-is-layout-flex\">\n<div class=\"wp-block-button is-style-outline is-style-outline--4\"><a class=\"wp-block-button__link has-white-color has-text-color wp-element-button\" href=\"http:\/\/voyagera.fr\/index.php\/contact\/\">Contactez moi<\/a><\/div>\n<\/div>\n<\/div><\/div>\n","protected":false},"excerpt":{"rendered":"<p>Discutons de votre projet ! Un projet de voyage en t\u00eate ? N&rsquo;h\u00e9sitez pas \u00e0 prendre rendez-vous avec moi pour qu&rsquo;on en discute. Cette discussion me permettra de faire un point sur vos envies, votre vision du voyage et votre budget pour que j&rsquo;\u00e9value la faisabilit\u00e9 de votre projet. L&rsquo;appel est gratuit et sans engagement.Pas &hellip; <\/p>\n<p class=\"link-more\"><a href=\"https:\/\/voyagera.fr\/\" class=\"more-link\">Lire la suite de<span class=\"screen-reader-text\">\u00ab\u00a0\u00a0\u00bb<\/span><\/a><\/p>\n","protected":false},"author":1,"featured_media":6,"parent":0,"menu_order":0,"comment_status":"closed","ping_status":"closed","template":"","meta":{"footnotes":""},"class_list":["post-7","page","type-page","status-publish","has-post-thumbnail","hentry"],"_links":{"self":[{"href":"https:\/\/voyagera.fr\/index.php\/wp-json\/wp\/v2\/pages\/7","targetHints":{"allow":["GET"]}}],"collection":[{"href":"https:\/\/voyagera.fr\/index.php\/wp-json\/wp\/v2\/pages"}],"about":[{"href":"https:\/\/voyagera.fr\/index.php\/wp-json\/wp\/v2\/types\/page"}],"author":[{"embeddable":true,"href":"https:\/\/voyagera.fr\/index.php\/wp-json\/wp\/v2\/users\/1"}],"replies":[{"embeddable":true,"href":"https:\/\/voyagera.fr\/index.php\/wp-json\/wp\/v2\/comments?post=7"}],"version-history":[{"count":49,"href":"https:\/\/voyagera.fr\/index.php\/wp-json\/wp\/v2\/pages\/7\/revisions"}],"predecessor-version":[{"id":271,"href":"https:\/\/voyagera.fr\/index.php\/wp-json\/wp\/v2\/pages\/7\/revisions\/271"}],"wp:featuredmedia":[{"embeddable":true,"href":"https:\/\/voyagera.fr\/index.php\/wp-json\/wp\/v2\/media\/6"}],"wp:attachment":[{"href":"https:\/\/voyagera.fr\/index.php\/wp-json\/wp\/v2\/media?parent=7"}],"curies":[{"name":"wp","href":"https:\/\/api.w.org\/{rel}","templated":true}]}}